prime factors of 1798909.
7, 79, 3253
List the prime factors of 559162.
2, 79, 3539
What are the prime factors of 291788?
2, 7, 17, 613
List the prime factors of 1706523.
3, 7, 13, 19, 47
What are the prime factors of 1632875?
5, 13063
What are the prime factors of 369857?
577, 641
What are the prime factors of 518873?
241, 2153
List the prime factors of 2327549.
7, 47501
List the prime factors of 225677.
83, 2719
What are the prime factors of 321314?
2, 7, 59, 389
List the prime factors of 58167.
3, 23, 281
List the prime factors of 460768.
2, 7, 11, 17
What are the prime factors of 1267958?
2, 139, 4561
List the prime factors of 452178.
2, 3, 25121
What are the prime factors of 2442511?
2442511
List the prime factors of 664150.
2, 5, 37, 359
List the prime factors of 68230.
2, 5, 6823
What are the prime factors of 544156?
2, 29, 4691
List the prime factors of 448413.
3, 7, 131, 163
List the prime factors of 2270047.
13, 41, 4259
What are the prime factors of 1418298?
2, 3, 7, 33769
List the prime factors of 1166980.
2, 5, 19, 37, 83
List the prime factors of 4029751.
11, 366341
List the prime factors of 4781586.
2, 3, 796931
List the prime factors of 560772.
2, 3, 37, 421
List the prime factors of 1041226.
2, 677, 769
What are the prime factors of 63081?
3, 43, 163
What are the prime factors of 128474?
2, 64237
List the prime factors of 394306.
2, 11, 17923
What are the prime factors of 2763687?
3, 41, 22469
What are the prime factors of 11364269?
7, 1623467
What are the prime factors of 2425282?
2, 1212641
List the prime factors of 468919.
11, 47, 907
What are the prime factors of 200737?
47, 4271
What are the prime factors of 13267738?
2, 11, 19, 31741
List the prime factors of 438689.
193, 2273
List the prime factors of 2482155.
3, 5, 13, 4243
List the prime factors of 850538.
2, 13, 32713
List the prime factors of 298580.
2, 5, 14929
What are the prime factors of 10739565?
3, 5, 238657
List the prime factors of 61158.
2, 3, 10193
What are the prime factors of 2105838?
2, 3, 7, 619
List the prime factors of 3626499.
3, 1208833
List the prime factors of 22801349.
19, 23, 52177
List the prime factors of 152685.
3, 5, 13, 29
What are the prime factors of 521486?
2, 7, 193
List the prime factors of 15640815.
3, 5, 67, 79, 197
List the prime factors of 286342.
2, 7, 113, 181
What are the prime factors of 202484?
2, 223, 227
What are the prime factors of 6389837?
23, 367, 757
What are the prime factors of 85389?
3, 28463
What are the prime factors of 95704?
2, 7, 1709
What are the prime factors of 27298575?
3, 5, 121327
List the prime factors of 3994842.
2, 3, 809, 823
What are the prime factors of 10082323?
10082323
List the prime factors of 2963990.
2, 5, 43, 61, 113
List the prime factors of 199173.
3, 13, 5107
What are the prime factors of 306709?
13, 23593
What are the prime factors of 213191?
11, 19381
What are the prime factors of 34564845?
3, 5, 7, 31, 37, 41
List the prime factors of 3910036.
2, 13, 75193
List the prime factors of 7888413.
3, 13, 15559
What are the prime factors of 600814?
2, 17, 41, 431
What are the prime factors of 5135240?
2, 5, 11, 1061
List the prime factors of 3987477.
3, 13, 173, 197
What are the prime factors of 258568?
2, 32321
What are the prime factors of 10093269?
3, 3364423
List the prime factors of 466421.
43, 10847
List the prime factors of 3784819.
19, 29, 6869
List the prime factors of 6791764.
2, 7, 43, 5641
What are the prime factors of 616316?
2, 154079
List the prime factors of 2334786.
2, 3, 41, 9491
List the prime factors of 711622.
2, 355811
What are the prime factors of 1114408?
2, 139301
What are the prime factors of 154006?
2, 77003
What are the prime factors of 1806072?
2, 3, 75253
What are the prime factors of 6724713?
3, 37, 47, 1289
List the prime factors of 2447073.
3, 271897
List the prime factors of 146546.
2, 47, 1559
What are the prime factors of 712415?
5, 11, 12953
List the prime factors of 218190.
2, 3, 5, 7, 1039
What are the prime factors of 1475137?
1475137
What are the prime factors of 2117712?
2, 3, 44119
List the prime factors of 9513081.
3, 17, 97, 641
List the prime factors of 552833.
552833
What are the prime factors of 6229503?
3, 7, 61, 1621
List the prime factors of 226270.
2, 5, 11, 17
List the prime factors of 764205.
3, 5, 13, 3919
List the prime factors of 912134.
2, 23, 79, 251
List the prime factors of 283851.
3, 10513
What are the prime factors of 10851269?
11, 13, 75883
What are the prime factors of 1687665?
3, 5, 7, 16073
What are the prime factors of 385834?
2, 192917
What are the prime factors of 634357?
53, 11969
List the prime factors of 91828.
2, 11, 2087
What are the prime factors of 2111825?
5, 17, 4969
List the prime factors of 26341222.
2, 29, 454159
List the prime factors of 1581142.
2, 19, 41609
What are the prime factors of 7957005?
3, 5, 7, 75781
List the prime factors of 650458.
2, 325229
List the prime factors of 10662154.
2, 19, 280583
What are the prime factors of 8783102?
2, 23, 41, 4657
What are the prime factors of 11332097?
7, 71, 151
What are the prime factors of 40575?
3, 5, 541
What are the prime factors of 10410545?
5, 17, 122477
List the prime factors of 402440.
2, 5, 10061
List the prime factors of 62216.
2, 7, 11, 101
List the prime factors of 1136699.
1136699
List the prime factors of 4226359.
4226359
List the prime factors of 995386.
2, 7, 1451
List the prime factors of 231930.
2, 3, 5, 859
List the prime factors of 1208093.
431, 2803
List the prime factors of 3025306.
2, 421, 3593
What are the prime factors of 14546540?
2, 5, 727327
What are the prime factors of 148884?
2, 3, 19, 653
What are the prime factors of 2517202?
2, 1258601
What are the prime factors of 3307362?
2, 3, 157, 3511
What are the prime factors of 554857?
19, 29, 53
What are the prime factors of 8160787?
2293, 3559
What are the prime factors of 2789892?
2, 3, 7, 11071
List the prime factors of 985910.
2, 5, 19, 5189
What are the prime factors of 411547?
443, 929
List the prime factors of 37382947.
7, 5340421
List the prime factors of 378312.
2, 3, 11, 1433
List the prime factors of 115765.
5, 13, 137
List the prime factors of 29995626.
2, 3, 281, 17791
What are the prime factors of 641131?
641131
List the prime factors of 549825.
3, 5, 7331
What are the prime factors of 23969329?
23969329
What are the prime factors of 12779329?
23, 157, 3539
What are the prime factors of 3439648?
2, 47, 2287
List the prime factors of 395712.
2, 3, 229
What are the prime factors of 85904?
2, 7, 13, 59
What are the prime factors of 463685?
5, 92737
List the prime factors of 1278125.
5, 409
List the prime factors of 4687450.
2, 5, 241, 389
List the prime factors of 3941146.
2, 11, 179143
List the prime factors of 482779.
11, 43889
List the prime factors of 597205.
5, 7, 113, 151
List the prime factors of 1474244.
2, 29, 71, 179
List the prime factors of 870146.
2, 223, 1951
List the prime factors of 570300.
2, 3, 5, 1901
List the prime factors of 92171.
61, 1511
What are the prime factors of 5981101?
7, 854443
What are the prime factors of 23847181?
113, 239, 883
List the prime factors of 281200.
2, 5, 19, 37
What are the prime factors of 3727434?
2, 3, 621239
List the prime factors of 194295.
3, 5, 12953
What are the prime factors of 13972144?
2, 19, 41, 59
What are the prime factors of 17603376?
2, 3, 7, 52391
What are the prime factors of 1127842?
2, 31, 18191
List the prime factors of 186974.
2, 93487
List the prime factors of 923451.
3, 307817
What are the prime factors of 7885700?
2, 5, 78857
List the prime factors of 1515896.
2, 19, 9973
List the prime factors of 4697001.
3, 41, 4243
List the prime factors of 3164796.
2, 3, 87911
What are the prime factors of 287030?
2, 5, 28703
What are the prime factors of 374755?
5, 241, 311
List the prime factors of 177629.
23, 7723
List the prime factors of 664299.
3, 31, 2381
List the prime factors of 2865350.
2, 5, 17, 3371
What are the prime factors of 82974?
2, 3, 13829
List the prime factors of 5790.
2, 3, 5, 193
List the prime factors of 15744.
2, 3, 41
List the prime factors of 2047558.
2, 149, 6871
List the prime factors of 5933977.
7, 23, 36857
List the prime factors of 4088270.
2, 5, 227, 1801
List the prime factors of 1